) - (1 - 21)) + 0.
17
Calculate -45 - (9 - 1) - -31.
-22
Calculate -11 + (35 - 7) + -11 - (2 + 34).
-30
(26 - 15) + -15 - -13
9
What is 7 + -6 - -10 - 13 - 1?
-3
What is the value of -23 + 2 + -10 + -22 + 41?
-12
Calculate -4 + 29 - (-155 - -216).
-36
Calculate -1 - (-30 + 1 + 4 - (-2 + -5)).
17
What is -4 + -13 + 1 - -3?
-13
What is -4 + -22 - (-11 - (1 - -6 - 15))?
-23
What is the value of (-11 - 1 - (48 - 15 - 29)) + 1?
-15
Calculate -3 + -3 - (38 - 20 - 13).
-11
Evaluate 11 + -10 + (4 - 0) + -18 - -4.
-9
Calculate ((-16 - 10) + 9 - -6) + 12.
1
What is -7 + -9 - (-28 - -13)?
-1
Evaluate 27 - (1 + -7 + (7 - -1 - 8)).
33
Evaluate 13 - -2 - (4 - 8).
19
-12 - (15 - 11 - 11)
-5
What is the value of -10 - (4 + -3 + (-9 - (-11 - -5)))?
-8
Evaluate 47 + (-29 - -26) - 13.
31
-901 + 883 - (-58 - (-3 + 1))
38
Evaluate -7 + -11 + 16 + (32 - (1 + -1)).
30
Evaluate -157 + 149 - (-2 + 2 - (1 + 7)).
0
Evaluate 15 + (-11 + -7 - -3).
0
Calculate 28 - (-31 + -5 - -40).
24
What is 0 - (-10 + (39 - 18))?
-11
What is the value of (4 - 0) + 0 + (5 - (-3 - -2))?
10
What is -12 + 10 + -4 + 3?
-3
Evaluate 2 + -9 + (0 - -2) - -5.
0
What is the value of (8 + -1 - 8) + -11 + 4 + 4?
-4
Evaluate (31 + -11 - -34) + -6 + -2 - 12.
34
What is -9 - -10 - (-5 + 11) - -2?
-3
Calculate 5 + 4 + 7 + -1 + 8.
23
Evaluate 20 - ((16 - 4 - 16) + (11 - 0)).
13
What is 25 + -14 + 10 + 2 - 13?
10
What is the value of -10 - (-9 + 11 + -25)?
13
Calculate 29 + 24 + -42 + -45.
-34
What is -10 + (-1 - 1 - (20 + -1 + -22))?
-9
What is 2 + 9 + 32 + -36 + 9?
16
2 - 13 - -17 - (12 + -3)
-3
What is the value of -2 + 15 - (-9 + 30)?
-8
What is 1 + -3 - (1 - 14)?
11
What is -3 + 8 + (6 + -39 - -8)?
-20
Evaluate (-20 - -19) + 13 + 9.
21
Evaluate 17 + (8 + -6 - (0 + 9)).
10
-3 - 13 - (-1 + -2) - 1
-14
What is 28 - (22 - (-25 + 10))?
-9
What is (7 - (1 + 22)) + -8?
-24
Calculate (4 - (-22 - (-7 - 2))) + 2.
19
What is -4 - -4 - (-1 - 3 - 2)?
6
What is the value of -41 + 32 - -18 - (0 - -22)?
-13
What is 13 + (-6 - -3) - (3 + 18)?
-11
What is -12 - ((-10 - (0 - 15)) + 4)?
-21
Calculate 18 + (20 - 42) + 3 + 0.
-1
4 - (3 + 0) - -6 - -1
8
What is the value of (11 - 7 - 22) + 26?
8
What is 0 + -9 - (-158 + 134)?
15
What is -13 + (1 - 10) + 6 - -6?
-10
Evaluate 1 + (31 - -3) - 18.
17
(-8 - -23) + -28 + 15
2
1 + -1 + (-1 - -36)
35
What is the value of 7 + -9 - (-6 + -6 + -4 - -5)?
9
Calculate 8 + (-4 - 10) + 9 + 8.
11
What is (33 - (8 + 47)) + -4?
-26
What is the value of (-157 - -147) + (-2 - -23)?
11
Calculate 19 - (-3 + -22 - -24).
20
What is (-27 - -32 - 8) + -15 + -1?
-19
Evaluate -41 + (-39 - -83 - 8).
-5
What is the value of 3 + -3 - (-10 - (-1 - (1 - -1)))?
7
What is 11 - (-11 - (-23 - 8))?
-9
Evaluate (-2 - 6) + 3 - 7.
-12
What is 6 + (8 - 2) + -5 + (-13 - -5)?
-1
Evaluate (2 - 13) + (-2 - -7) + 16 + -5.
5
-6 + -2 + 1 + -205 + 201
-11
Calculate (-1 - 15) + (-88 - -90).
-14
1 - (-8 + (-1 - -7 - 7))
10
What is (-5 - 0) + (5 - (-5 + 10))?
-5
What is (-9 + 10 - -1 - (2 - -6)) + 22?
16
-101 + 98 - (-3 + 0)
0
34 - 32 - (8 + 5 + -1)
-10
-1 + 7 + (-64 - -60)
2
Evaluate -4 - -10 - (-9 - -17).
-2
What is the value of (10 - 22) + 21 + 9?
18
What is 3 + -2 - (3 + 5 - 16)?
9
Evaluate (0 - (-8 - 1)) + (23 - 25) - 11.
-4
What is the value of (20 + -31 - 1) + (-2 - -21)?
7
(1 - (6 - 12)) + (-17 - -12 - -15)
17
Calculate 6 + 57 + (-31 - -15) - 12.
35
Calculate -4 - (0 - (22 - (12 + -6))).
12
Evaluate (-22 + 2 - -30) + -18.
-8
Evaluate -2 + (-3 - 0) - (17 + 1 + -8).
-15
What is the value of 11 - (-133 + 129 - (12 - 3))?
24
Evaluate (39 - (106 - 4)) + 29.
-34
-3 + -16 + 8 - -23
12
-8 + (10 - (18 + (26 - 7)))
-35
1 - (3 + 4 + -8)
2
What is -55 + 64 + -12 + 22?
19
What is -13 + (5 - (2 - 3 - -6 - 2))?
-11
Evaluate (1 - (6 - 3) - -7) + (-368 - -368).
5
Calculate 3 - (41 + -83 - -13).
32
What is -17 + 19 + 37 + -24?
15
-12 - (-11 - -11 - 5)
-7
Calculate (0 - (1 + -2)) + (-1 - -53 - 66).
-13
What is 27 + (40 - 76) + 2 + -4?
-11
What is the value of -39 - -58 - (-3 - -19)?
3
42 - 11 - 14 - 5
12
Calculate (-1 - (-43 + 33)) + -33.
-24
What is -2 + -20 - (-85 + 75)?
-12
Calculate 12 + (49 - (13 - -8)).
40
Evaluate (12 - (-5 + 23)) + 0 + -8 + 13.
-1
10 + -9 + (1 + 6 - 4) - -4
8
Calculate -27 + 22 + (7 - -6).
8
Calculate -1 + 11 + (2 - 0) - (-9 + 10).
11
What is the value of 19 + -17 + -35 + 49?
16
Calculate 35 - (-30 - (-78 - 8)).
-21
Calculate 1 + (4 + -12 - 5) - -10.
-2
What is the value of (1 + -8 - -1) + (51 - 57)?
-12
0 - (8 + -13 + -7)
12
(11 - 78) + 28 - -14
-25
Evaluate -6 - (14 - 47 - -16).
11
What is the value of (-29 - -34) + 5 + -3 + 10?
17
What is -12 + -17 + 13 + 11 + 31?
26
Evaluate -12 + 10 + (25 - 11).
12
Evaluate -1 + 2 + 4 + 2 + 16.
23
Evaluate -21 + 33 + 19 + -43.
-12
Calculate -5 + (-11 - -5) + 3 - -21.
13
(10 + -5 - 4) + 4
5
Calculate (-1 - 0) + 3 + 6 + (-12 - -8).
4
(17 + 8 - 9) + -4 - 11
1
(27 - 6 - 4) + -2
15
What is the value of (-22 - (-18 - 24)) + -13?
7
What is (-645 - -651) + ((-10 - 1) + 3 - 0)?
-2
Evaluate (-211 - -217) + (6 - 3 - -2).
11
0 - (4 + 3 - 9) - (0 + 2)
0
What is 7 - (2 - 9 - -16)?
-2
What is the value of (-34 - -26) + 32 + -32?
-8
0 + -12 + (168 - 146)
10
What is -15 + (14 - 12 - -3)?
-10
What is -16 + (14 - 24 - -20)?
-6
What is the value of 40 - (29 - (6 + -42))?
-25
Calculate -8 + (6 - (24 + -1 - 15)).
-10
What is the value of 13 - (4 - (-6 + (6 - (1 + -1))))?
9
-3 - 0 - -3 - (-95 - -85) - 33
-23
What is the value of 34 - (-36 - -35 - -31)?
4
What is the value of -4 + (3 - (-14 - -9)) + 2 + -3?
3
Evaluate -12 + (8 - (-18 + 11)).
3
(0 - -5 - 5 - -1) + 7
8
What is -9 - -24 - 10 - 17?
-12
What is the value of 14 - (-7 + -4 + 14)?
11
-37 + 43 - 19 - (1 - 6)
-8
Calculate 1 - 0 - (-96 - -100) - -13.
10
16 + (11 - (14 + 1 - 4))
16
Calculate -10 + (4 + -14 + 9 - -9).
-2
What is -10 + (7 - 5) + (5 - -19) - 3?
13
Evaluate 5 + -22 + 4 + 14 + -11.
-10
Calculate 0 - (23 + (-7 - 3) + -16).
3
What is the value of -1 - (-6 + 3 + 7) - -12?
7
What is the value of -6 - -11 - (-6 + -2 + 17 - 29)?
25
Evaluate 9 + 7 + (-25 + 7 - -10).
8
Evaluate (2 - 6) + -66 + 58.
-12
-14 - (31 - 30) - 9
-24
What is the value of -6 - ((11 - (11 - 6)) + -2)?
-10
-1 - (-10 + 2 - (10 + -20))
-3
What is (2 - -8) + (-13 - (14 + 8 + -22))?
-3
What is the value of 12 - (9 + -10 + (-5 - (-6 - 7)))?
5
-7 - (5 + 11 + -8) - -4
-11
What is (0 - -1) + -4 + -3 + -2 + 11?
3
Evaluate -32 + 30 + (-6 - -1) + -6.
-13
Calculate 1 + (5 - ((31 - 7) + 2 + -1)).
-19
Calculate (1 + -1 - 6) + (10 - 68 - -39).
-25
12 + -14 + 6 + -21
-17
Calculate (0 + 12 - -1) + -1 - 3.
9
What is the value of -21 + 1 + 23 + (2 - 10)?
-5
Evaluate 0 + 15 + (1 - (4 - -1)).
11
What is -4 + 27 + -43 + -1?
-21
(23 - 8) + (9 - 38)
-14
What is the value of -1 + -1 - (-16 + 9) - 1?
4
(-4 + 1 - -2) + -226 + 224
-3
0 + 2 - 4 - (-171 - -173)
-4
Evaluate -1 + -8 + -4 + 10 - 2.
-5
Evaluate 18 - 0 - (1 + 71 + -77).
23
What is the value of -18 + 2 - (-10 - (-3 + 1 + -4))?
-12
What is 26 + -52 + 18 + -3 + -2?
-13
Calculate (-1 - (-15 + 13)) + -6 + -1.
-6
Calculate (-2 + -3 - -15 - 9) + 0 + -28.
-27
Calculate -1 + 11 + -17 + (26 - 30).
-11
What is 74 + -95 + (-3 - (3 - 2))?
-25
What is 12 - (34 + (-30 - -10))?
-2
What is -31 + 9 + 45 + -3?
20
Calculate (-1 - -27) + -28 + (1 - -1 - 12).
-12
What is the value of -14 - -27 - 13 - (2 - 1) - -5?
4
What is 8 - (-1 + (16 - 0) + (-418 - -414))?
-3
What is the value of 32 + -2 + -100 + 90?
20
What is -5 + (65 - (37 - -2))?
21
(8 - (14 + -12)) + 9
15
-19 - ((5 - 2) + 8 - 8 - 12)
-10
Evaluate -162 + 142 + (9 - 1) + 6.
-6
Calculate (-6 - -24) + -21 - (-1 + 2 + -1).
-3
What is the value of 0 + 34 + -3 - (-236 - -247)?
20
Evaluate -17 + (10 - (-7 - 8)).
8
-3 + -23 - (-417 + 413)
-22
21 + (-18 - -2) + -15
-10
What is the value of 130 + -139 + 8 + (4 - 1)?
2
-37 - -45 - (-1 + 0) - -12
21
Evaluate 2 + 0 + -383 + 393.
12
17 - (-24 - -16 - -7)
18
(2 - (1 + -2)) + (59 - 86)
-24
What is -12 + (5 - (-20 + 6))?
7
What is 0 + (0 + -4 + -1 - (26 - 31))?
0
What is the value of (1 + 0 - 11) + (15 + 50 - 25)?
30
What is (-1 - ((0 - -10) + -9)) + (-3 - 3)?
-8
What is the value of -5 - (-9 - -19 - 1)?
-14
(1 - -3) + -38 - (129 - 138)
-25
-5 - (-13 - -3) - 19
-14
What is -367 - -393 - (0 - 0)?
26
Evaluate (4 - (0 + 0 + 22 + -20)) + 3.
5
What is the value of 